{"id":228,"date":"2014-08-11T10:37:01","date_gmt":"2014-08-11T07:37:01","guid":{"rendered":"https:\/\/localhost\/word\/?page_id=228"},"modified":"2025-11-05T11:21:14","modified_gmt":"2025-11-05T08:21:14","slug":"organizing-committee","status":"publish","type":"page","link":"https:\/\/iafli.ege.edu.tr\/?page_id=228","title":{"rendered":"Organizing Committee"},"content":{"rendered":"<p><strong>Chairman<\/strong><\/p>\n<p>Bahri BA\u015eARAN<\/p>\n<p><strong>Congress Secretary<\/strong><\/p>\n<p>Yal\u00e7\u0131n YILMAZ<\/p>\n\n\n<p><strong>Members<\/strong><\/p>\n\n\n\n<p>Ahmet ASLAN <\/p>\n\n\n\n<p>Al-Mizan<\/p>\n\n\n\n<p> Arife Canda\u015f ADIG\u00dcZEL ZENG\u0130N<\/p>\n\n\n\n<p> Deniz KALENDER<\/p>\n\n\n\n<p>Eylem KILI\u00c7<\/p>\n\n\n\n<p> G\u00f6khan ZENG\u0130N<\/p>\n\n\n\n<p> G\u00fcl\u015fah T\u00dcRKMEN<\/p>\n\n\n\n<p> Nymul Islam <\/p>\n\n\n\n<p><\/p>\n\n\n\n<div class=\"wp-block-columns is-layout-flex wp-container-core-columns-is-layout-28f84493 wp-block-columns-is-layout-flex\">\n<div class=\"wp-block-column is-layout-flow wp-block-column-is-layout-flow\">\n<p><\/p>\n<\/div>\n\n\n\n<div class=\"wp-block-column is-layout-flow wp-block-column-is-layout-flow\">\n<p class=\"has-text-align-center\"><strong>Congress Organization Supporter <\/strong><\/p>\n\n\n\n<p class=\"has-text-align-center\"><strong>\u0130KSAD<\/strong><\/p>\n\n\n\n<figure class=\"wp-block-image aligncenter size-full is-resized\"><a href=\"https:\/\/iafli.ege.edu.tr\/wp-content\/uploads\/2023\/06\/indir.png\"><img loading=\"lazy\" decoding=\"async\" width=\"225\" height=\"225\" src=\"https:\/\/iafli.ege.edu.tr\/wp-content\/uploads\/2023\/06\/indir.png\" alt=\"\" class=\"wp-image-1291\" style=\"width:125px;height:auto\" srcset=\"https:\/\/iafli.ege.edu.tr\/wp-content\/uploads\/2023\/06\/indir.png 225w, https:\/\/iafli.ege.edu.tr\/wp-content\/uploads\/2023\/06\/indir-150x150.png 150w\" sizes=\"auto, (max-width: 225px) 100vw, 225px\" \/><\/a><\/figure>\n<\/div>\n\n\n\n<div class=\"wp-block-column is-layout-flow wp-block-column-is-layout-flow\"><\/div>\n<\/div>\n\n\n\n<p><\/p>\n","protected":false},"excerpt":{"rendered":"<p>Chairman Bahri BA\u015eARAN Congress Secretary Yal\u00e7\u0131n YILMAZ Members Ahmet ASLAN Al-Mizan Arife Canda\u015f ADIG\u00dcZEL ZENG\u0130N Deniz KALENDER Eylem KILI\u00c7 G\u00f6khan [&hellip;]<\/p>\n","protected":false},"author":1,"featured_media":0,"parent":0,"menu_order":0,"comment_status":"closed","ping_status":"closed","template":"","meta":{"site-sidebar-layout":"default","site-content-layout":"","ast-site-content-layout":"default","site-content-style":"default","site-sidebar-style":"default","ast-global-header-display":"","ast-banner-title-visibility":"","ast-main-header-display":"","ast-hfb-above-header-display":"","ast-hfb-below-header-display":"","ast-hfb-mobile-header-display":"","site-post-title":"","ast-breadcrumbs-content":"","ast-featured-img":"","footer-sml-layout":"","theme-transparent-header-meta":"","adv-header-id-meta":"","stick-header-meta":"","header-above-stick-meta":"","header-main-stick-meta":"","header-below-stick-meta":"","astra-migrate-meta-layouts":"default","ast-page-background-enabled":"default","ast-page-background-meta":{"desktop":{"background-color":"var(--ast-global-color-5)","background-image":"","background-repeat":"repeat","background-position":"center center","background-size":"auto","background-attachment":"scroll","background-type":"","background-media":"","overlay-type":"","overlay-color":"","overlay-opacity":"","overlay-gradient":""},"tablet":{"background-color":"","background-image":"","background-repeat":"repeat","background-position":"center center","background-size":"auto","background-attachment":"scroll","background-type":"","background-media":"","overlay-type":"","overlay-color":"","overlay-opacity":"","overlay-gradient":""},"mobile":{"background-color":"","background-image":"","background-repeat":"repeat","background-position":"center center","background-size":"auto","background-attachment":"scroll","background-type":"","background-media":"","overlay-type":"","overlay-color":"","overlay-opacity":"","overlay-gradient":""}},"ast-content-background-meta":{"desktop":{"background-color":"var(--ast-global-color-4)","background-image":"","background-repeat":"repeat","background-position":"center center","background-size":"auto","background-attachment":"scroll","background-type":"","background-media":"","overlay-type":"","overlay-color":"","overlay-opacity":"","overlay-gradient":""},"tablet":{"background-color":"var(--ast-global-color-4)","background-image":"","background-repeat":"repeat","background-position":"center center","background-size":"auto","background-attachment":"scroll","background-type":"","background-media":"","overlay-type":"","overlay-color":"","overlay-opacity":"","overlay-gradient":""},"mobile":{"background-color":"var(--ast-global-color-4)","background-image":"","background-repeat":"repeat","background-position":"center center","background-size":"auto","background-attachment":"scroll","background-type":"","background-media":"","overlay-type":"","overlay-color":"","overlay-opacity":"","overlay-gradient":""}},"footnotes":""},"class_list":["post-228","page","type-page","status-publish","hentry"],"_links":{"self":[{"href":"https:\/\/iafli.ege.edu.tr\/index.php?rest_route=\/wp\/v2\/pages\/228","targetHints":{"allow":["GET"]}}],"collection":[{"href":"https:\/\/iafli.ege.edu.tr\/index.php?rest_route=\/wp\/v2\/pages"}],"about":[{"href":"https:\/\/iafli.ege.edu.tr\/index.php?rest_route=\/wp\/v2\/types\/page"}],"author":[{"embeddable":true,"href":"https:\/\/iafli.ege.edu.tr\/index.php?rest_route=\/wp\/v2\/users\/1"}],"replies":[{"embeddable":true,"href":"https:\/\/iafli.ege.edu.tr\/index.php?rest_route=%2Fwp%2Fv2%2Fcomments&post=228"}],"version-history":[{"count":37,"href":"https:\/\/iafli.ege.edu.tr\/index.php?rest_route=\/wp\/v2\/pages\/228\/revisions"}],"predecessor-version":[{"id":2047,"href":"https:\/\/iafli.ege.edu.tr\/index.php?rest_route=\/wp\/v2\/pages\/228\/revisions\/2047"}],"wp:attachment":[{"href":"https:\/\/iafli.ege.edu.tr\/index.php?rest_route=%2Fwp%2Fv2%2Fmedia&parent=228"}],"curies":[{"name":"wp","href":"https:\/\/api.w.org\/{rel}","templated":true}]}}